{"id":16,"date":"2017-07-30T12:08:11","date_gmt":"2017-07-30T12:08:11","guid":{"rendered":"https:\/\/susisbambinis.de\/?page_id=16"},"modified":"2017-07-30T12:22:18","modified_gmt":"2017-07-30T12:22:18","slug":"mein-konzept","status":"publish","type":"page","link":"https:\/\/susisbambinis.de\/?page_id=16","title":{"rendered":"Mein Konzept"},"content":{"rendered":"<p>Ich m\u00f6chte den stressigen Stadtalltag, dem man heute immer mehr ausgesetzt ist, ein wenig entzerren und den Kindern mehr die Natur und das Kind sein beibringen.\u00a0Daher bin ich bei jeder M\u00f6glichkeit, die sich mir bietet, drau\u00dfen.\u00a0Zu unseren Ausfl\u00fcgen geh\u00f6ren die Besuche von W\u00e4ldern, Feldern, Spielpl\u00e4tzen,\u00a0Streichelzoos\u00a0etc. Gerne treffe ich mich auch mit anderen Tagespflegepersonen und f\u00f6rdere dadurch die sozialen Kontakte der Kinder,\u00a0denn\u00a0kein Erwachsener ersetzt den Kontakt von Kindern untereinander.\u00a0Begleitend hierbei arbeite ich auch gerne mit meinen Tieren.\u00a0Zu mir geh\u00f6ren die H\u00fcndinnen Zoey und\u00a0<span style=\"color: #de3869;\">Kira,<\/span>\u00a0die mich tatkr\u00e4ftig bei der Entwicklung und sensibilisierung f\u00fcr die Tierwelt unterst\u00fctzen. Wie auch oft in therapeutischen Einrichtungen zu sehen ist, sind Tiere ein sehr wichtiger Partner f\u00fcr Menschen und helfen bei der eigenen Entwicklung sehr weiter.\u00a0Daher bin ich ein Vertreter der Meinung, dass Kinder fr\u00fch mit Tieren Kontakt aufnehmen sollten, nat\u00fcrlich nur unter Aufsicht der Erwachsenen.\u00a0Neben meinen tierischen Helfern bekomme ich noch Unterst\u00fctzung von meinem Ehemann, der momentan ebenfalls den Kurs zur Tagespflegeperson absolviert.\u00a0Zusammen ergeben wir&#8230;<\/p>\n","protected":false},"excerpt":{"rendered":"<p>Ich m\u00f6chte den stressigen Stadtalltag, dem man heute immer mehr ausgesetzt ist, ein wenig entzerren und den Kindern mehr die Natur und das Kind sein beibringen.\u00a0Daher bin ich bei jeder M\u00f6glichkeit, die sich mir bietet, drau\u00dfen.\u00a0Zu unseren Ausfl\u00fcgen geh\u00f6ren die Besuche von W\u00e4ldern, Feldern, Spielpl\u00e4tzen,\u00a0Streichelzoos\u00a0etc. Gerne treffe ich mich auch mit anderen Tagespflegepersonen und f\u00f6rdere &hellip; <a href=\"https:\/\/susisbambinis.de\/?page_id=16\" class=\"more-link\"><span class=\"screen-reader-text\">Mein Konzept<\/span> weiterlesen<\/a><\/p>\n","protected":false},"author":2,"featured_media":0,"parent":0,"menu_order":0,"comment_status":"closed","ping_status":"closed","template":"","meta":{"footnotes":""},"_links":{"self":[{"href":"https:\/\/susisbambinis.de\/index.php?rest_route=\/wp\/v2\/pages\/16"}],"collection":[{"href":"https:\/\/susisbambinis.de\/index.php?rest_route=\/wp\/v2\/pages"}],"about":[{"href":"https:\/\/susisbambinis.de\/index.php?rest_route=\/wp\/v2\/types\/page"}],"author":[{"embeddable":true,"href":"https:\/\/susisbambinis.de\/index.php?rest_route=\/wp\/v2\/users\/2"}],"replies":[{"embeddable":true,"href":"https:\/\/susisbambinis.de\/index.php?rest_route=%2Fwp%2Fv2%2Fcomments&post=16"}],"version-history":[{"count":2,"href":"https:\/\/susisbambinis.de\/index.php?rest_route=\/wp\/v2\/pages\/16\/revisions"}],"predecessor-version":[{"id":24,"href":"https:\/\/susisbambinis.de\/index.php?rest_route=\/wp\/v2\/pages\/16\/revisions\/24"}],"wp:attachment":[{"href":"https:\/\/susisbambinis.de\/index.php?rest_route=%2Fwp%2Fv2%2Fmedia&parent=16"}],"curies":[{"name":"wp","href":"https:\/\/api.w.org\/{rel}","templated":true}]}}